t is the greatest common factor of 2014 and 38?
38
Calculate the highest common divisor of 288 and 2400.
96
Calculate the greatest common factor of 4842 and 90.
18
What is the greatest common divisor of 127543 and 13?
13
What is the greatest common factor of 496 and 6?
2
What is the greatest common divisor of 1012 and 10373?
253
What is the greatest common divisor of 188 and 4?
4
Calculate the greatest common factor of 1881 and 132.
33
What is the highest common divisor of 24 and 228?
12
Calculate the highest common divisor of 52 and 46.
2
What is the greatest common divisor of 147 and 37632?
147
Calculate the greatest common factor of 256 and 304.
16
Calculate the highest common divisor of 33 and 99.
33
Calculate the greatest common factor of 1400 and 100.
100
Calculate the highest common divisor of 140 and 100.
20
What is the highest common divisor of 598 and 26?
26
Calculate the greatest common factor of 65 and 520.
65
Calculate the greatest common factor of 51 and 1887.
51
Calculate the greatest common divisor of 10437 and 213.
213
What is the greatest common divisor of 7410 and 627?
57
Calculate the highest common factor of 3 and 15.
3
Calculate the highest common factor of 180 and 1020.
60
What is the highest common divisor of 13 and 9659?
13
Calculate the highest common factor of 76 and 1102.
38
What is the highest common divisor of 267 and 89?
89
What is the highest common divisor of 323 and 374?
17
Calculate the greatest common divisor of 172 and 14018.
86
What is the highest common factor of 104 and 11908?
52
What is the highest common factor of 198 and 576?
18
What is the highest common divisor of 40 and 13060?
20
Calculate the highest common divisor of 49 and 3598.
7
What is the greatest common divisor of 680 and 5270?
170
Calculate the highest common factor of 9054 and 72.
18
What is the greatest common divisor of 104 and 130?
26
What is the greatest common factor of 286 and 1222?
26
Calculate the highest common divisor of 540 and 1188.
108
What is the highest common divisor of 1332 and 12?
12
What is the greatest common divisor of 119 and 221?
17
Calculate the greatest common factor of 69 and 22333.
23
Calculate the greatest common divisor of 37 and 2701.
37
Calculate the greatest common factor of 405 and 5.
5
What is the greatest common divisor of 605 and 55?
55
What is the highest common divisor of 1118 and 688?
86
Calculate the greatest common divisor of 225 and 9.
9
Calculate the highest common divisor of 3696 and 2184.
168
Calculate the greatest common divisor of 2 and 2872.
2
What is the highest common factor of 88 and 112?
8
Calculate the greatest common factor of 319 and 220.
11
What is the greatest common divisor of 36 and 414?
18
What is the greatest common factor of 40 and 10520?
40
What is the greatest common divisor of 864 and 768?
96
What is the highest common factor of 1134 and 168?
42
Calculate the highest common divisor of 53 and 848.
53
Calculate the highest common divisor of 120 and 1464.
24
Calculate the highest common factor of 29 and 5.
1
What is the highest common factor of 896 and 56?
56
What is the highest common divisor of 16 and 304?
16
What is the highest common factor of 7852 and 26?
26
Calculate the greatest common divisor of 11991 and 84.
21
Calculate the highest common divisor of 876 and 12.
12
What is the greatest common factor of 49 and 1890?
7
What is the highest common divisor of 1903 and 1557?
173
Calculate the highest common divisor of 104 and 676.
52
What is the highest common divisor of 68 and 255?
17
Calculate the greatest common factor of 28 and 588.
28
Calculate the greatest common divisor of 196 and 5782.
98
Calculate the highest common divisor of 26 and 416.
26
Calculate the highest common factor of 55 and 2365.
55
Calculate the greatest common divisor of 518 and 98.
14
Calculate the greatest common factor of 2793 and 14.
7
Calculate the greatest common factor of 1100 and 44.
44
Calculate the highest common divisor of 44 and 979.
11
Calculate the greatest common divisor of 2669 and 17.
17
What is the highest common factor of 1148 and 224?
28
Calculate the greatest common divisor of 65 and 91.
13
What is the highest common factor of 452 and 4?
4
What is the highest common divisor of 1917 and 675?
27
Calculate the greatest common divisor of 116117 and 83.
83
What is the highest common divisor of 93 and 2?
1
Calculate the greatest common divisor of 512 and 3904.
64
What is the highest common divisor of 391 and 207?
23
What is the greatest common factor of 88776 and 24?
24
Calculate the greatest common factor of 60 and 5904.
12
What is the greatest common factor of 8 and 1112?
8
Calculate the highest common factor of 480 and 16.
16
Calculate the greatest common divisor of 40 and 8.
8
Calculate the greatest common divisor of 8 and 2016.
8
Calculate the highest common divisor of 39 and 18.
3
What is the highest common factor of 300 and 3060?
60
What is the greatest common divisor of 82 and 36326?
82
What is the greatest common divisor of 238 and 266?
14
What is the greatest common divisor of 14 and 1694?
14
Calculate the highest common factor of 52 and 169.
13
Calculate the highest common factor of 6 and 6.
6
What is the highest common factor of 2024 and 132?
44
Calculate the greatest common divisor of 4 and 236.
4
Calculate the highest common factor of 21 and 791.
7
Calculate the highest common divisor of 5139 and 27.
9
What is the highest common factor of 10 and 10?
10
What is the highest common factor of 30 and 340?
10
What is the highest common divisor of 102 and 1173?
51
Calculate the highest common divisor of 605 and 5.
5
What is the greatest common factor of 2200 and 11?
11
Calculate the greatest common divisor of 102 and 1088.
34
What is the greatest common factor of 635 and 381?
127
Calculate the highest common divisor of 30 and 28635.
15
Calculate the greatest common factor of 33 and 264.
33
Calculate the highest common divisor of 69 and 12.
3
Calculate the greatest common factor of 221 and 325.
13
What is the highest common factor of 110 and 22?
22
What is the highest common factor of 1332 and 324?
36
Calculate the greatest common divisor of 12483 and 1533.
219
What is the greatest common factor of 103 and 16171?
103
What is the greatest common divisor of 34 and 323?
17
What is the highest common divisor of 4 and 394?
2
Calculate the greatest common factor of 196 and 84.
28
What is the highest common divisor of 105 and 483?
21
Calculate the highest common factor of 30 and 230.
10
What is the highest common divisor of 279 and 639?
9
What is the greatest common factor of 1 and 317?
1
What is the greatest common divisor of 329 and 13019?
47
What is the highest common factor of 36 and 12948?
12
What is the highest common factor of 143 and 10439?
143
What is the greatest common factor of 23871 and 219?
219
What is the greatest common divisor of 5306 and 98?
14
Calculate the greatest common divisor of 55 and 132.
11
Calculate the greatest common divisor of 9927 and 9.
9
Calculate the highest common factor of 24189 and 66.
33
Calculate the greatest common divisor of 2356 and 12.
4
Calculate the highest common divisor of 1 and 155.
1
What is the highest common factor of 1500 and 444?
12
What is the greatest common factor of 515 and 10?
5
Calculate the highest common divisor of 50 and 25175.
25
What is the greatest common divisor of 15 and 23505?
15
Calculate the greatest common divisor of 247 and 13.
13
What is the greatest common divisor of 70 and 23170?
70
What is the highest common factor of 660 and 30?
30
What is the greatest common divisor of 112 and 231?
7
What is the greatest common divisor of 980 and 40?
20
What is the greatest common factor of 833 and 2482?
17
Calculate the highest common divisor of 26 and 949.
13
What is the highest common divisor of 24 and 248?
8
What is the highest common divisor of 145 and 11310?
145
Calculate the greatest common factor of 3 and 597.
3
Calculate the greatest common factor of 22 and 935.
11
Calculate the greatest common factor of 4010 and 10.
10
Calculate the greatest common divisor of 1963 and 2265.
151
Calculate the greatest common divisor of 377 and 13.
13
What is the highest common divisor of 31 and 124?
31
What is the highest common 